{"id":3,"date":"2023-03-29T21:18:43","date_gmt":"2023-03-29T19:18:43","guid":{"rendered":"http:\/\/akademia-onlinechiptuning.pl\/?page_id=3"},"modified":"2023-05-05T19:29:19","modified_gmt":"2023-05-05T17:29:19","slug":"polityka-prywatnosci","status":"publish","type":"page","link":"https:\/\/akademia-onlinechiptuning.pl\/?page_id=3","title":{"rendered":"Polityka prywatno\u015bci"},"content":{"rendered":"\n<p><strong>POLITYKA PRYWATNO\u015aCI SKLEPU INTERNETOWEGO&nbsp;<\/strong><\/p>\n\n\n\n<p><strong>akademia-onlinechiptuning.pl<\/strong><\/p>\n\n\n\n<p><strong>ZASADY PRZETWARZANIA DANYCH OSOBOWYCH<\/strong><\/p>\n\n\n\n<p>Administratorem Pa\u0144stwa danych osobowych przekazywanych w formularzu internetowym jest firma GoodCar z siedzib\u0105 w Walce 47-344, Opolska 23a, NIP: 755-179-30-69, Regon: 160047693<\/p>\n\n\n\n<ol class=\"wp-block-list\">\n<li>Kategorie przetwarzanych danych:<\/li>\n\n\n\n<li>a) dane identyfikacyjne (imi\u0119, nazwisko, nazwa podmiotu gospodarczego, NIP, REGON),<\/li>\n\n\n\n<li>b) dane kontaktowe (numer telefonu, adres poczty elektronicznej) oraz korespondencyjne (adres zamieszkania b\u0105d\u017a zameldowania, adres sta\u0142ego miejsca wykonywania dzia\u0142alno\u015bci gospodarczej, adres do dor\u0119cze\u0144),<\/li>\n\n\n\n<li>c) dane dot. zawartych um\u00f3w,<\/li>\n\n\n\n<li>d) dane finansowe (numer rachunku bankowego);<\/li>\n\n\n\n<li>Pa\u0144stwa dane osobowe zosta\u0142y uzyskane bezpo\u015brednio od Pa\u0144stwa lub zosta\u0142y pozyskane z og\u00f3lnie dost\u0119pnych \u017ar\u00f3de\u0142 (strony internetowe, baza CEIDG, baza REGON).<\/li>\n\n\n\n<li>Cele przetwarzania Pa\u0144stwa danych osobowych:<\/li>\n\n\n\n<li>a) dane osobowe przetwarzane s\u0105 na potrzeby realizacji umowy sprzeda\u017cy w oparciu o dokonane zam\u00f3wienie;<\/li>\n\n\n\n<li>b) marketingu produkt\u00f3w lub us\u0142ug w\u0142asnych;<\/li>\n\n\n\n<li>c) przekazywania klientowi informacji, w szczeg\u00f3lno\u015bci w zakresie oferty, regulaminu i cennika, potwierdzenia przyj\u0119cia reklamacji i udzielenia na ni\u0105 odpowiedzi na wskazany adres poczty elektronicznej (e-mail) lub adres pocztowy, b\u0105d\u017a nr telefonu;<\/li>\n\n\n\n<li>d) marketingu bezpo\u015bredniego produkt\u00f3w lub us\u0142ug podmiot\u00f3w wsp\u00f3\u0142pracuj\u0105cych z Firm\u0105 GoodCar z siedzib\u0105 w 47-344 Walce Ul. Opolska 23A, przy czym dane osobowe Klienta nie b\u0119d\u0105 udost\u0119pniane podmiotom trzecim;<\/li>\n\n\n\n<li>e) marketing bezpo\u015bredni, o kt\u00f3rym mowa powy\u017cej mo\u017ce by\u0107 realizowany za pomoc\u0105 \u015brodk\u00f3w komunikacji elektronicznej (np. SMS, e-mail), telekomunikacyjnych urz\u0105dze\u0144 ko\u0144cowych (np. telefon).<\/li>\n\n\n\n<li>Odbiorc\u0105 Pa\u0144stwa danych osobowych b\u0119d\u0105: firmy wsp\u00f3\u0142pracuj\u0105ce w zakresie us\u0142ug IT, firmy wspomagaj\u0105ce prowadzenie rozlicze\u0144 zawartych um\u00f3w faktoringowych, podmioty realizuj\u0105ce dzia\u0142ania windykacyjne, kancelarie prawne, firmy \u015bwiadcz\u0105ce us\u0142ugi kancelaryjno-administracyjne, firmy archiwizuj\u0105ce dokumentacj\u0119, podmioty \u015bwiadcz\u0105ce us\u0142ugi doradcze, consultingowe, podmioty upowa\u017cnione na podstawie przepis\u00f3w prawa; podmiotom zajmuj\u0105cym si\u0119 przygotowaniem technicznym, realizacj\u0105 zam\u00f3wie\u0144, obs\u0142ug\u0105 ksi\u0119gow\u0105, fakturowaniem i rozliczaniem um\u00f3w; operatorom pocztowym i kurierom; Firma GoodCar z siedzib\u0105 w 47-344 Walce Ul. Opolska 23A<\/li>\n\n\n\n<li>Osoba, kt\u00f3rej dane dotycz\u0105 dobrowolnie wyra\u017ca zgod\u0119 na przetwarzanie jej danych osobowych, maj\u0105c \u015bwiadomo\u015b\u0107 mo\u017cliwo\u015bci odmowy, a tak\u017ce mo\u017cliwo\u015bci p\u00f3\u017aniejszego cofni\u0119cia zgody.<\/li>\n\n\n\n<li>Prawa osoby, kt\u00f3rej dane dotycz\u0105:<\/li>\n\n\n\n<li>a) dost\u0119pu do tre\u015bci swoich danych osobowych oraz prawo ich sprostowania, usuni\u0119cia, ograniczenia przetwarzania;<\/li>\n\n\n\n<li>b) prawo wniesienia sprzeciwu wobec przetwarzania danych;<\/li>\n\n\n\n<li>c) prawo do cofni\u0119cia zgody w dobrowolnym momencie bez podawania przyczyny, bez wp\u0142ywu na zgodno\u015b\u0107 z prawem przetwarzania danych, kt\u00f3rego dokonano na podstawie zgody przed jej cofni\u0119ciem.<\/li>\n\n\n\n<li>Przys\u0142uguje Pa\u0144stwu prawo wniesienia skargi do Prezesa Urz\u0119du Ochrony Danych Osobowych, gdy uznaj\u0105 Pa\u0144stwo, i\u017c przetwarzanie danych osobistych Pa\u0144stwa dotycz\u0105cych narusza przepisy RODO.<\/li>\n\n\n\n<li>Przys\u0142uguje Pa\u0144stwu prawo do wniesienia sprzeciwu wobec przetwarzania Pa\u0144stwa danych na podstawie prawnie uzasadnionego interesu.<\/li>\n\n\n\n<li>W przypadku przetwarzania danych osobowych poprzez wyra\u017cone przez Pa\u0144stwa dobrowolnie zgody mo\u017cemy przetwarza\u0107 dane do czasu, a\u017c wycofaj\u0105 Pa\u0144stwo wyra\u017con\u0105 w tym zakresie zgod\u0119 lub w przypadku, gdy dane uleg\u0142y dezaktualizacji. Pa\u0144stwa dane osobowe b\u0119d\u0105 przetwarzane przez czas trwania umowy, przed\u0142u\u017cony o okres przedawnienia roszcze\u0144, je\u017celi takie przetwarzanie b\u0119dzie niezb\u0119dne dla realizacji lub ochrony przed roszczeniami oraz przez czas, w kt\u00f3rym Administrator jest zobowi\u0105zany do ich przechowywania zgodnie z przepisami podatkowymi i ustaw\u0105 o rachunkowo\u015bci. Po zako\u0144czeniu trwania umowy dane mog\u0105 by\u0107 przetwarzane w zakresie jaki b\u0119dzie niezb\u0119dny dla utrzymania wsp\u00f3\u0142pracy handlowej. Po zako\u0144czeniu przetwarzania Pani\/Pana danych osobowych w pierwotnym celu, dane nie b\u0119d\u0105 przetwarzane w \u017cadnym innym celu.<\/li>\n\n\n\n<li>W przypadku przetwarzania danych osobowych na podstawie wyra\u017conej zgody w ka\u017cdej chwili przys\u0142uguje Pa\u0144stwu prawo do wycofania swojej zgody przez bezpo\u015bredni kontakt z Firm\u0105 GoodCar z siedzib\u0105 w 47-344 Walce Ul. Opolska 23A&nbsp;w formie pisemnej z dopiskiem \u2018Ochrona Danych Osobowych\u2019 bez podania przyczyny, bez wp\u0142ywu na zgodno\u015b\u0107 z prawem przetwarzania danych, kt\u00f3rego dokonano na podstawie zgody przed jej cofni\u0119ciem. W przypadku skorzystania z tego prawa zaprzestaniemy przetwarzania danych osobowych w celu obj\u0119tym uprzednio wyra\u017con\u0105 zgod\u0105.<\/li>\n<\/ol>\n","protected":false},"excerpt":{"rendered":"<p>POLITYKA PRYWATNO\u015aCI SKLEPU INTERNETOWEGO&nbsp; akademia-onlinechiptuning.pl ZASADY PRZETWARZANIA DANYCH OSOBOWYCH Administratorem Pa\u0144stwa danych osobowych przekazywanych w formularzu internetowym jest firma GoodCar z siedzib\u0105 w Walce 47-344, Opolska 23a, NIP: 755-179-30-69, Regon: 160047693<\/p>\n","protected":false},"author":1,"featured_media":0,"parent":0,"menu_order":0,"comment_status":"closed","ping_status":"open","template":"","meta":{"footnotes":""},"class_list":["post-3","page","type-page","status-publish","hentry"],"_links":{"self":[{"href":"https:\/\/akademia-onlinechiptuning.pl\/index.php?rest_route=\/wp\/v2\/pages\/3","targetHints":{"allow":["GET"]}}],"collection":[{"href":"https:\/\/akademia-onlinechiptuning.pl\/index.php?rest_route=\/wp\/v2\/pages"}],"about":[{"href":"https:\/\/akademia-onlinechiptuning.pl\/index.php?rest_route=\/wp\/v2\/types\/page"}],"author":[{"embeddable":true,"href":"https:\/\/akademia-onlinechiptuning.pl\/index.php?rest_route=\/wp\/v2\/users\/1"}],"replies":[{"embeddable":true,"href":"https:\/\/akademia-onlinechiptuning.pl\/index.php?rest_route=%2Fwp%2Fv2%2Fcomments&post=3"}],"version-history":[{"count":1,"href":"https:\/\/akademia-onlinechiptuning.pl\/index.php?rest_route=\/wp\/v2\/pages\/3\/revisions"}],"predecessor-version":[{"id":38,"href":"https:\/\/akademia-onlinechiptuning.pl\/index.php?rest_route=\/wp\/v2\/pages\/3\/revisions\/38"}],"wp:attachment":[{"href":"https:\/\/akademia-onlinechiptuning.pl\/index.php?rest_route=%2Fwp%2Fv2%2Fmedia&parent=3"}],"curies":[{"name":"wp","href":"https:\/\/api.w.org\/{rel}","templated":true}]}}